


{"id":17,"date":"2014-12-08T13:43:47","date_gmt":"2014-12-08T13:43:47","guid":{"rendered":"http:\/\/localhost\/business4\/?page_id=17"},"modified":"2017-05-11T15:58:54","modified_gmt":"2017-05-11T12:58:54","slug":"home","status":"publish","type":"page","link":"https:\/\/www.varsancadir.com\/","title":{"rendered":"Anasayfa"},"content":{"rendered":"<p>[vc_row][vc_column width=&#8221;1\/2&#8243;][block_title style=&#8221;column_title&#8221; inner_style=&#8221;inline_border&#8221; title=&#8221;VARSAN \u00c7ad\u0131r ve Tente Sistemleri&#8221;][\/block_title][vc_column_text]Proje ba\u015flang\u0131c\u0131ndan \u00fcr\u00fcnlerin teslim an\u0131na kadar takip ve sat\u0131\u015f sonras\u0131 hizmette m\u00fc\u015fteri menfaatlerini g\u00f6zetmeyi ilke edinmi\u015f bulunmaktay\u0131z.<\/p>\n<p>Her ge\u00e7en g\u00fcn, her yeni teknoloji, her yeni proje,\u00a0<strong>\u00e7ad\u0131r<\/strong>\u00a0sekt\u00f6r\u00fcnde tecr\u00fcbemizi sa\u011flamla\u015ft\u0131rm\u0131\u015f ve bunun sonucu olarak kendimize g\u00fcvenimizi peki\u015ftirmi\u015ftir.<\/p>\n<p>Kuruldu\u011fumuz ilk g\u00fcn heyecan\u0131 ile \u00e7ad\u0131r imalat\u0131na devam eden firmam\u0131z in\u015faat \u00e7ad\u0131r\u0131, \u0130\u015f\u00e7i \u00e7ad\u0131r\u0131, yatakhane \u00e7ad\u0131r\u0131, imalathane \u00e7ad\u0131r\u0131 \u015fantiye \u00e7ad\u0131r\u0131 so\u011fuk iklim \u00e7ad\u0131r\u0131 gibi \u00fcretim ama\u00e7l\u0131 \u00e7ad\u0131rlar imal etti\u011fi gibi sosyal ama\u00e7l\u0131 spor kompleksi, tenis kortu, fuar \u00e7ad\u0131r\u0131, organizasyon \u00e7ad\u0131r\u0131, afet \u00e7ad\u0131r\u0131, taziye \u00e7ad\u0131r\u0131, kamp \u00e7ad\u0131r\u0131, kurban \u00e7ad\u0131r\u0131 gibi \u00fcr\u00fcnleri kendi imalat\u0131m\u0131z olarak t\u00fcketicilerin be\u011fenisine sunmaktay\u0131z.[\/vc_column_text][\/vc_column][vc_column width=&#8221;1\/2&#8243;][block_title style=&#8221;column_title&#8221; inner_style=&#8221;inline_border&#8221; title=&#8221;Haberler &amp; Duyurular&#8221;][\/block_title][recent_news style=&#8221;vertical&#8221;][\/vc_column][\/vc_row][vc_row top_padding=&#8221;5&#8243; bottom_padding=&#8221;5&#8243;][vc_column][block_title style=&#8221;column_title&#8221; inner_style=&#8221;inline_border&#8221; title=&#8221;Hizmetlerimiz&#8221;][\/block_title][\/vc_column][\/vc_row][vc_row][vc_column width=&#8221;1\/3&#8243;][media alignment=&#8221;center&#8221; image=&#8221;999&#8243; width=&#8221;302&#8243;][vc_column_text]<\/p>\n<h2 class=\"banner-h1\"><a href=\"http:\/\/www.varsancadir.com\/index.php\/otomatik-tente-sistemleri\/\">Otomatik Tente Sistemleri<\/a><\/h2>\n<p>[\/vc_column_text][\/vc_column][vc_column width=&#8221;1\/3&#8243;][media alignment=&#8221;center&#8221; image=&#8221;1002&#8243; width=&#8221;302&#8243;][vc_column_text]<\/p>\n<h2 class=\"banner-h1\"><a href=\"http:\/\/www.varsancadir.com\/index.php\/germe-cadir-sistemleri\/\">Germe \u00c7ad\u0131r\u00a0Sistemleri<\/a><\/h2>\n<p>[\/vc_column_text][\/vc_column][vc_column width=&#8221;1\/3&#8243;][media alignment=&#8221;center&#8221; image=&#8221;1003&#8243; width=&#8221;302&#8243;][vc_column_text]<\/p>\n<h2 class=\"banner-h1\"><a href=\"http:\/\/www.varsancadir.com\/index.php\/mafsalli-tente-sistemleri\/\">Mafsall\u0131 Tente Sistemleri<\/a><\/h2>\n<p>[\/vc_column_text][\/vc_column][\/vc_row][vc_row][vc_column width=&#8221;1\/3&#8243;][media alignment=&#8221;center&#8221; image=&#8221;1005&#8243; width=&#8221;302&#8243;][vc_column_text]<\/p>\n<h2 class=\"banner-h1\"><a href=\"http:\/\/www.varsancadir.com\/index.php\/tenis-kortu-cadiri\/\">Tenis Kortu \u00c7ad\u0131r\u0131<\/a><\/h2>\n<p>[\/vc_column_text][\/vc_column][vc_column width=&#8221;1\/3&#8243;][media alignment=&#8221;center&#8221; image=&#8221;1007&#8243; width=&#8221;302&#8243;][vc_column_text]<\/p>\n<h2 class=\"banner-h1\"><a href=\"http:\/\/www.varsancadir.com\/index.php\/santiye-cadiri\/\">\u015eantiye \u00c7ad\u0131r\u0131<\/a><\/h2>\n<p>[\/vc_column_text][\/vc_column][vc_column width=&#8221;1\/3&#8243;][media alignment=&#8221;center&#8221; image=&#8221;1009&#8243; width=&#8221;302&#8243;][vc_column_text]<\/p>\n<h2 class=\"banner-h1\"><a href=\"http:\/\/www.varsancadir.com\/index.php\/mantar-cadiri\/\">Mantar \u00c7ad\u0131r\u0131<\/a><\/h2>\n<p>[\/vc_column_text][\/vc_column][\/vc_row][vc_row][vc_column width=&#8221;1\/3&#8243;][media alignment=&#8221;center&#8221; image=&#8221;1011&#8243; width=&#8221;302&#8243;][vc_column_text]<\/p>\n<h2 class=\"banner-h1\"><a href=\"http:\/\/www.varsancadir.com\/index.php\/kurban-cadirlari\/\">Kurban \u00c7ad\u0131rlar\u0131<\/a><\/h2>\n<p>[\/vc_column_text][\/vc_column][vc_column width=&#8221;1\/3&#8243;][media alignment=&#8221;center&#8221; image=&#8221;1012&#8243; width=&#8221;302&#8243;][vc_column_text]<\/p>\n<h2 class=\"banner-h1\"><a href=\"http:\/\/www.varsancadir.com\/index.php\/depo-cadiri\/\">Depo \u00c7ad\u0131r\u0131<\/a><\/h2>\n<p>[\/vc_column_text][\/vc_column][vc_column width=&#8221;1\/3&#8243;][media alignment=&#8221;center&#8221; image=&#8221;1014&#8243; width=&#8221;302&#8243;][vc_column_text]<\/p>\n<h2 class=\"banner-h1\"><a href=\"http:\/\/www.varsancadir.com\/index.php\/spor-salonu-cadiri\/\">Spor Salonu \u00c7ad\u0131r\u0131<\/a><\/h2>\n<p>[\/vc_column_text][\/vc_column][\/vc_row][vc_row][vc_column width=&#8221;1\/3&#8243;][media alignment=&#8221;center&#8221; image=&#8221;1222&#8243; width=&#8221;302&#8243;][vc_column_text]<\/p>\n<h2 class=\"banner-h1\"><a href=\"http:\/\/www.varsancadir.com\/index.php\/kis-bahcesi-cadiri\/\">K\u0131\u015f Bah\u00e7esi\u00a0\u00c7ad\u0131rlar\u0131<\/a><\/h2>\n<p>[\/vc_column_text][\/vc_column][vc_column width=&#8221;1\/3&#8243;][media alignment=&#8221;center&#8221; image=&#8221;1232&#8243; width=&#8221;302&#8243;][vc_column_text]<\/p>\n<h2 class=\"banner-h1\"><a href=\"http:\/\/www.varsancadir.com\/index.php\/semsiye-cadir\/\">\u015eemsiye\u00a0\u00c7ad\u0131r\u0131<\/a><\/h2>\n<p>[\/vc_column_text][\/vc_column][vc_column width=&#8221;1\/3&#8243;][media alignment=&#8221;center&#8221; image=&#8221;1239&#8243; width=&#8221;302&#8243;][vc_column_text]<\/p>\n<h2 class=\"banner-h1\"><a href=\"http:\/\/www.varsancadir.com\/index.php\/koruklu-tente\/\">K\u00f6r\u00fckl\u00fc Tente<\/a><\/h2>\n<p>[\/vc_column_text][\/vc_column][\/vc_row][vc_row][vc_column width=&#8221;1\/3&#8243;][media alignment=&#8221;center&#8221; image=&#8221;1247&#8243; width=&#8221;302&#8243;][vc_column_text]<\/p>\n<h2 class=\"banner-h1\"><a href=\"http:\/\/www.varsancadir.com\/index.php\/beton-yorgani\/\">Beton Yorgan\u0131<\/a><\/h2>\n<p>[\/vc_column_text][\/vc_column][vc_column width=&#8221;1\/3&#8243;][media alignment=&#8221;center&#8221; image=&#8221;1262&#8243; width=&#8221;302&#8243;][vc_column_text]<\/p>\n<h2 class=\"banner-h1\"><a href=\"http:\/\/www.varsancadir.com\/index.php\/fantup-cadir\/\">Fant\u00fcp \u00c7ad\u0131r\u0131<\/a><\/h2>\n<p>[\/vc_column_text][\/vc_column][vc_column width=&#8221;1\/3&#8243;][media alignment=&#8221;center&#8221; image=&#8221;1270&#8243; width=&#8221;302&#8243;][vc_column_text]<\/p>\n<h2 class=\"banner-h1\"><a href=\"http:\/\/www.varsancadir.com\/index.php\/kamyon-tenteleri\/\">Kamyon\u00a0Tenteleri<\/a><\/h2>\n<p>[\/vc_column_text][\/vc_column][\/vc_row]<\/p>\n","protected":false},"excerpt":{"rendered":"<p>[vc_row][vc_column width=&#8221;1\/2&#8243;][block_title style=&#8221;column_title&#8221; inner_style=&#8221;inline_border&#8221; title=&#8221;VARSAN \u00c7ad\u0131r ve Tente Sistemleri&#8221;][\/block_title][vc_column_text]Proje ba\u015flang\u0131c\u0131ndan \u00fcr\u00fcnlerin teslim an\u0131na kadar takip ve sat\u0131\u015f sonras\u0131 hizmette m\u00fc\u015fteri menfaatlerini g\u00f6zetmeyi ilke edinmi\u015f bulunmaktay\u0131z. Her ge\u00e7en g\u00fcn, her yeni teknoloji, her yeni proje,\u00a0\u00e7ad\u0131r\u00a0sekt\u00f6r\u00fcnde tecr\u00fcbemizi sa\u011flamla\u015ft\u0131rm\u0131\u015f ve bunun sonucu olarak kendimize g\u00fcvenimizi peki\u015ftirmi\u015ftir. Kuruldu\u011fumuz ilk g\u00fcn heyecan\u0131 ile \u00e7ad\u0131r imalat\u0131na devam eden firmam\u0131z in\u015faat \u00e7ad\u0131r\u0131, [&hellip;]<\/p>\n","protected":false},"author":1,"featured_media":0,"parent":0,"menu_order":0,"comment_status":"open","ping_status":"open","template":"","meta":[],"_links":{"self":[{"href":"https:\/\/www.varsancadir.com\/index.php\/wp-json\/wp\/v2\/pages\/17"}],"collection":[{"href":"https:\/\/www.varsancadir.com\/index.php\/wp-json\/wp\/v2\/pages"}],"about":[{"href":"https:\/\/www.varsancadir.com\/index.php\/wp-json\/wp\/v2\/types\/page"}],"author":[{"embeddable":true,"href":"https:\/\/www.varsancadir.com\/index.php\/wp-json\/wp\/v2\/users\/1"}],"replies":[{"embeddable":true,"href":"https:\/\/www.varsancadir.com\/index.php\/wp-json\/wp\/v2\/comments?post=17"}],"version-history":[{"count":53,"href":"https:\/\/www.varsancadir.com\/index.php\/wp-json\/wp\/v2\/pages\/17\/revisions"}],"predecessor-version":[{"id":1278,"href":"https:\/\/www.varsancadir.com\/index.php\/wp-json\/wp\/v2\/pages\/17\/revisions\/1278"}],"wp:attachment":[{"href":"https:\/\/www.varsancadir.com\/index.php\/wp-json\/wp\/v2\/media?parent=17"}],"curies":[{"name":"wp","href":"https:\/\/api.w.org\/{rel}","templated":true}]}}